False
Is 56566447199 a composite number?
False
Is 6980520119 a composite number?
False
Is 147763691 prime?
True
Is 447246941 a prime number?
True
Is 3543156259 prime?
True
Is 5786609393 a composite number?
False
Is 323259473 prime?
True
Is 2483856689 composite?
True
Is 136400207 prime?
False
Is 430352459 composite?
False
Is 621963217063 a composite number?
False
Is 1960159451 prime?
True
Is 234307009 composite?
True
Is 12621804803 a composite number?
True
Is 76859485891 a prime number?
False
Is 12696343279 prime?
False
Is 9632304709 a composite number?
False
Is 568249457 composite?
True
Is 7870003717 a composite number?
True
Is 1033082867 a prime number?
False
Is 123294859 composite?
True
Is 346887451 a prime number?
True
Is 47080437 a prime number?
False
Is 13809622291 prime?
False
Is 349342199 a prime number?
True
Is 1147814573 composite?
True
Is 4278263917 prime?
True
Is 1083696311 a composite number?
True
Is 5596101947 a composite number?
False
Is 6898410391 composite?
True
Is 3840156577 a prime number?
True
Is 387921353 prime?
False
Is 142252343 a composite number?
True
Is 3839127857 a composite number?
True
Is 48074270711 prime?
True
Is 251681238527 a prime number?
False
Is 26106234367 a composite number?
False
Is 779892467 composite?
False
Is 604528439 composite?
False
Is 257816570789 prime?
True
Is 19372944131 a prime number?
True
Is 9952722181 a composite number?
False
Is 107715931 a prime number?
True
Is 1237587421 a composite number?
True
Is 16491927203 a prime number?
False
Is 159775555613 composite?
False
Is 14276204093 prime?
True
Is 7449799969 composite?
False
Is 898395269 a prime number?
True
Is 292622369 prime?
False
Is 1211254853 a composite number?
False
Is 226385989 prime?
False
Is 3163885783 a composite number?
False
Is 3375517907 prime?
False
Is 125619208879 prime?
False
Is 216022459 a composite number?
False
Is 163753567 a composite number?
True
Is 4301729149 prime?
True
Is 286515899 composite?
True
Is 15247632119 a prime number?
True
Is 1914935359 composite?
False
Is 1682041289 prime?
False
Is 136858690729 a composite number?
False
Is 4772670841 a prime number?
True
Is 8859902237 prime?
False
Is 2000578009 a prime number?
True
Is 1026604519 composite?
False
Is 2499613 a prime number?
True
Is 934039289 a composite number?
False
Is 36367235857 a prime number?
True
Is 155339510983 a composite number?
False
Is 342485747 a composite number?
False
Is 80905186381 prime?
True
Is 145091927 a prime number?
True
Is 28322559293 prime?
False
Is 194185707917 a composite number?
True
Is 548517263 composite?
True
Is 2780299099 a prime number?
True
Is 9993767 composite?
True
Is 41070974177 prime?
True
Is 311985653 prime?
False
Is 75402734761 a prime number?
True
Is 379416127 composite?
False
Is 3314797349 composite?
False
Is 1676104421 a prime number?
True
Is 20447470921 a prime number?
True
Is 5460992011 a composite number?
False
Is 113137589 a prime number?
True
Is 4274793359 a composite number?
True
Is 56924183 a composite number?
True
Is 117097702151 a composite number?
False
Is 117466080747 a composite number?
True
Is 227129939 prime?
False
Is 3779118587 a composite number?
False
Is 4044524503 a prime number?
True
Is 33803414627 a prime number?
False
Is 3186443867 composite?
True
Is 4563226109 a prime number?
False
Is 38413012163 composite?
False
Is 15953564737 prime?
False
Is 4128165543 composite?
True
Is 5550148579 a prime number?
True
Is 933915551 a prime number?
False
Is 4148699861 a composite number?
False
Is 44779981 a composite number?
False
Is 5626138657 a prime number?
False
Is 2098095413 a prime number?
False
Is 13322995459 a prime number?
True
Is 14273352503 a composite number?
False
Is 270652871 a prime number?
False
Is 69890423 composite?
False
Is 795362186 composite?
True
Is 1509038077 a composite number?
False
Is 1955291917 a prime number?
True
Is 3123242371 prime?
False
Is 1867080993 composite?
True
Is 133164715487 composite?
True
Is 1759122434 a composite number?
True
Is 24111171829 prime?
False
Is 20815289 composite?
True
Is 371520917 a prime number?
True
Is 347429903 composite?
False
Is 259962977293 prime?
False
Is 15279143029 a prime number?
False
Is 4273946491 prime?
True
Is 478348069 a prime number?
False
Is 8807420081 a prime number?
False
Is 16179981611 prime?
True
Is 13303799777 a prime number?
False
Is 7333463933 a prime number?
False
Is 1199475659 prime?
True
Is 18934410479 prime?
True
Is 4012746739 a composite number?
False
Is 4056306767 a prime number?
False
Is 335763203 composite?
False
Is 608105821 composite?
False
Is 814896169 a composite number?
True
Is 9595837003 composite?
True
Is 183925237 a prime number?
False
Is 2567557 prime?
True
Is 242322818043 composite?
True
Is 1087641637 a composite number?
True
Is 10795059643 prime?
True
Is 30262190905 a prime number?
False
Is 3722519261 composite?
False
Is 1162514887 a composite number?
False
Is 9264245722 prime?
False
Is 339415801 prime?
False
Is 3289737367 a composite number?
True
Is 1871908237 prime?
True
Is 1092859751 a prime number?
False
Is 121883212637 prime?
True
Is 894820063 a composite number?
True
Is 1228468283 prime?
False
Is 1160449343 a composite number?
True
Is 8059031447 a composite number?
False
Is 512489371 a prime number?
True
Is 3442385537 composite?
False
Is 101505581 a composite number?
True
Is 19472762059 prime?
False
Is 2476296401 a composite number?
False
Is 2968413509 prime?
True
Is 123340263043 a composite number?
True
Is 55765036483 a composite number?
True
Is 2473345129 a prime number?
True
Is 20259624481 composite?
False
Is 690784531 a composite number?
False
Is 1408154389 a prime number?
False
Is 532747283 a prime number?
True
Is 170586347 prime?
False
Is 917970799 composite?
False
Is 35002958777 a composite number?
False
Is 6184137329 a composite number?
False
Is 4604636129 prime?
False
Is 531691721 a prime number?
False
Is 55121932399 prime?
False
Is 43840660541 composite?
False
Is 4947665179 a composite number?
False
Is 4651671439 a prime number?
True
Is 4484266037 a composite number?
True
Is 75890857577 a prime number?
False
Is 81492411171 a composite number?
True
Is 30055799617 a prime number?
True
Is 266285951 a prime number?
False
Is 39643000853 a prime number?
True
Is 578575397 a composite number?
False
Is 10733940011 composite?
False
Is 118922200069 a composite number?
False
Is 5027700857 a prime number?
False
Is 26486850371 prime?
True
Is 3243420317 a composite number?
False
Is 27571229639 prime?
True
Is 193855960367 composite?
False
Is 34254517709 a composite number?
True
Is 1882957971 a prime number?
False
Is 876899713 a composite number?
True
Is 14660584399 a prime number?
False
Is 12402031333 a prime number?
False
Is 1645243189 a prime number?
False
Is 237422957 a prime number?
True
Is 73495753979 a composite number?
True
Is 2717018177 a composite number?
False
Is 84683387 composite?
True
Is 22718402799 prime?
False
Is 2698556803 a prime number?
False
Is 24132693227 a composite number?
False
Is 5981574463 composite?
False
Is 49517132519 composite?
False
Is 194472583 composite?
False
Is 660563009 a prime number?
False
Is 1103817147 a composite number?
True
Is 1035926153 a composite number?
True
Is 2194538287 a prime number?
True
Is 5605956371 a composite number?
False
Is 9945958483 a prime number?
True
Is 1554281951 composite?
False
Is 2245830569 prime?
True
Is 224231448707 a prime number?
False
Is 95465686607 a prime number?
True
Is 89167876387 a composite number?
False
Is 232494631 prime?
True
Is 980008661 a composite number?
False
Is 1740114263 a prime number?
True
Is 13582413671 a prime number?
False
Is 5539551877 a prime number?
False
Is 138246257 a composite number?
False
Is 1813666763 a composite number?
False
Is 10012311623 composite?
True
Is 392166899 composite?
True
Is 7073216219 a composite number?
True
Is 173414032817 composite?
True
Is 38867276543 a composite number?
True
Is 408764821 composite?
True
Is 72949633871 composite?
False
Is 2568369733 a composite number?
False
Is 31560397409 a prime number?
False
Is 9828681851 prime?
True
Is 713237647 composite?
True
Is 33280301 a prime number?
False
Is 6566426701 a composite number?
False
Is 67490789417 a composite number?
True
Is 3810553685 compo